y + 89 = 0. What is the tens digit of m?
5
What is the thousands digit of (20/6)/((-935)/(-5814204))?
0
Let p = 200 - 196. Suppose 2*s = p*l + 5 + 31, 2*s - l - 33 = 0. What is the units digit of s?
6
What is the tens digit of 1394748/323 - -41 - 4/38?
5
Suppose -3117 = -2*g + 3*q, 0 = -4*g - 2*q + 1873 + 4401. Suppose 5*r - g = -4*m + 2312, 1930 = 2*m - 2*r. What is the units digit of m?
7
Suppose 0 = -31*j + 33*j + 106. Let n = j + 607. What is the units digit of n?
4
Suppose 14*u + 213 = -1285. Suppose 0 = -2*q + 102 + 316. Let p = u + q. What is the hundreds digit of p?
1
Suppose -3*c - 5*q + 90748 = 0, 71*q - 68*q - 151204 = -5*c. What is the hundreds digit of c?
2
Let k(m) = -160*m + 4187. What is the hundreds digit of k(0)?
1
Suppose -5*w + 5 = -5*x, 9 - 2 = 3*w + x. What is the hundreds digit of 505 + w/2 - -4?
5
Suppose 561*d = 590*d - 90016. What is the hundreds digit of d?
1
Let m(t) = 43*t + 6. Let n(y) = 41*y + 6. Let b(k) = -2*m(k) + 3*n(k). What is the tens digit of b(3)?
1
Suppose -28*t - 3*l - 121914 = -31*t, 2*l = 5*t - 203214. What is the thousands digit of t?
0
Let r(c) = 89*c**3 + 6*c**2 - c - 4. Let a be r(2). Let p = -20 + a. What is the hundreds digit of p?
7
Let c(h) = -516*h - 942. Let m(a) = -103*a - 190. Let o(g) = -5*c(g) + 24*m(g). What is the tens digit of o(15)?
7
Suppose -313 = -8*a - 33. Let l be (20/a)/((-2)/(-7)). Suppose -4*p + c + 28 = -0*c, 14 = 2*p - l*c. What is the units digit of p?
7
Let a(r) = -18*r**3 + r**2 - 17*r - 216. What is the thousands digit of a(-9)?
3
Suppose -90*l - 8 = -92*l. Let z be 2*l/(-4) + -273 + -4. Let c = 406 + z. What is the tens digit of c?
2
Let h be (-4)/30 - (-4 + (-64)/30). Suppose -4*d = -4*q - h*d + 1072, 0 = -q + 2*d + 273. What is the tens digit of q?
6
Let i(m) = -5*m**2 - 271*m - 52. Let h be i(-54). Let b = 3175 - 2239. Suppose 0 = -h*y - 6*y + b. What is the tens digit of y?
1
Let p = 114 + -102. Let l(d) = 7*d**2 + 40*d - 14. What is the thousands digit of l(p)?
1
Suppose -26*q + 238182 = -463740. What is the hundreds digit of q?
9
Let y = -736 - -23151. What is the ten thousands digit of y?
2
Let h be (-24 - 542)/((-2)/(-15)). What is the units digit of 2/6 - h/9?
2
Suppose -10*v + 28*v - 1765221 = -572019. What is the ten thousands digit of v?
6
Let b = -1314 - -3189. Let f be (-210)/(-28)*12/9. Suppose -f*l - 185 = -b. What is the tens digit of l?
6
What is the hundreds digit of 1 - ((-63414)/13 - (7 + -3))?
8
What is the thousands digit of -7 + (3 - 1) + 78 + 6584?
6
Suppose 3*g + 16086 = 4*o - 1641, -3*o + g = -13294. What is the units digit of o?
1
Let g(i) = -5*i**3 - 2*i**2 + 26*i + 126. What is the hundreds digit of g(-6)?
9
Let c(w) = -3*w - 31. Let j be c(-10). What is the tens digit of j + (-747)/(-3) + -1?
4
Let z(d) = 8*d - 183. Let o be z(25). Suppose -13*g = -o*g + 1852. What is the hundreds digit of g?
4
Suppose 43467 = 85*g - 286843. What is the units digit of g?
6
Suppose 0 = 5*s, -r + 298 = -0*r - 2*s. Let u = r - 186. What is the hundreds digit of u?
1
Let b = 14714 + -8810. What is the units digit of b?
4
Let w = -160 - -164. Suppose -189 = -z - b, 2*b + 261 = w*z - 501. What is the tens digit of z?
9
Let q be 3/(-15) - (-6)/60*2. Suppose q = 2*l + o - 995, -6*o + 2483 = 5*l - 2*o. What is the hundreds digit of l?
4
Let s(q) be the third derivative of -13*q**4/3 - 14*q**3/3 + q**2 + 9*q. What is the units digit of s(-6)?
6
Suppose -571*h = -577*h + 36876. What is the thousands digit of h?
6
Suppose -280302 = -128*i + 95*i. What is the units digit of i?
4
Let m(i) = -i - 12. Let d be m(-13). Let p be 4 + d*105/5. Let g = p + -11. What is the tens digit of g?
1
Suppose 7*m - 2403 = 20592. What is the units digit of m?
5
Let u(q) = -4*q + 181. Suppose 65 = 4*k + 5. Let r be (-4)/(-10) - 6/k. What is the hundreds digit of u(r)?
1
Suppose -c - 12 - 6 = 0. Let t(h) = 1. Let y(b) = 10*b - 10. Let o(u) = c*t(u) - 2*y(u). What is the units digit of o(-3)?
2
What is the hundreds digit of ((-300)/(-400))/((-167388)/167392 - -1)?
3
Let l = -126 + 67. Let m = l + 193. What is the hundreds digit of m?
1
Let u = -11965 - -22406. What is the tens digit of u?
4
Let g = -4534 + 12518. What is the tens digit of g?
8
Let j(l) = -641*l**3 + 2*l**2 - 1. Let k = -73 - -72. Let d be j(k). Suppose 10*m + d = 16*m. What is the tens digit of m?
0
Let x(c) = 5*c**2 + 37*c - 2907. What is the tens digit of x(-78)?
2
Let h(d) be the second derivative of 5*d**4 - 5*d**3/2 - 11*d**2 - 162*d - 2. What is the tens digit of h(4)?
7
Suppose 4*p + 3*z = -70, 3*p - 2*p = -5*z - 26. What is the units digit of 3/(-4) - 7276/p?
4
Let k be 972 + (((-48)/(-4))/3 - -1). Let f = -330 + k. What is the hundreds digit of f?
6
Suppose -4*j - 31 = -j + 2*a, 36 = -3*j + 3*a. Let m = 274 + -287. Let k = j - m. What is the units digit of k?
2
Suppose 0 = -16*d + 288 + 288. Suppose 1150 = -31*c + d*c. What is the units digit of c?
0
Suppose 26*y = 39*y - 26. What is the units digit of (-2167)/(-55) + y + (-24)/10?
9
Suppose -1 = -s + 4*c + 3, 3*s + 3*c = 27. Let b be (18*s/(-84))/(2/(-7)). What is the units digit of 1558/14 - 9/(189/b)?
1
Let g be (9 + -3)*(-1 - -3). Let p be 480/72*132/(-10). What is the tens digit of ((-4)/g)/((-2)/(-3))*p?
4
Suppose 4*v = 2*j + 8720, -41 + 49 = -2*j. What is the tens digit of v?
7
Let m(g) = 2*g**2 + 8*g - 34. Let a be m(-7). Let f = 86 - a. What is the units digit of f?
8
Let g = -364 - -353. Let r(b) = b. Let f(y) = -8*y + 26. Let o(x) = f(x) + 2*r(x). What is the units digit of o(g)?
2
Let m be -4*2/24*-6. Suppose -3*l - 1267 = -4*d, -d - m*l + 370 = 56. What is the hundreds digit of d?
3
Let m(g) = 47*g**2 - 2*g + 1. Let j be m(2). Suppose -343*o = -352*o - 999. Let w = j + o. What is the units digit of w?
4
Suppose 81 = 4*m - x, -m + 23 = x - 1. Suppose -23*i + 24861 = m. What is the tens digit of i?
8
Suppose 5991365 + 60983 = 358*d. What is the ten thousands digit of d?
1
Let n = -149 + 153. Suppose -2*f + 4*z = -z - 508, z = -n*f + 1016. What is the hundreds digit of f?
2
Let o(w) = -1986*w**3 - 2*w**2 - 87*w - 256. What is the tens digit of o(-3)?
0
Suppose 8*v - 11*v - 3*y = 6, -3*v - 8 = 4*y. Suppose r + 4632 = 5*m + 5*r, -5*m + 3*r + 4646 = v. What is the tens digit of m?
2
Suppose -5*j + 31 = -14. Let z(o) be the third derivative of o**5/60 + o**4/24 + o**3/3 + 563*o**2. What is the tens digit of z(j)?
9
Suppose 231*q + 66*q - 5182072 = q. What is the ten thousands digit of q?
1
What is the thousands digit of 10164 + -1 + (70 - 72)?
0
Suppose 56*v = 20*v - 47*v + 35026. What is the tens digit of v?
2
Suppose -4*k + 33157 = j - 2*j, k + 5*j = 8284. What is the hundreds digit of k?
2
Let g be 0 + 1 - 5 - -7. Suppose -4 + 13 = 3*j. Suppose -g*x + 3*z + 144 = 0, -x + j*x - 5*z = 81. What is the tens digit of x?
5
Let m = -11962 - -15414. What is the thousands digit of m?
3
Suppose -10*d = -7*d - 192. Suppose 4*c + 5*a + 123 = 0, -2*c - a = a + d. Let h = 76 + c. What is the units digit of h?
9
Let r be ((-40)/(-4))/((-3)/(-522)). Suppose 515*k + r = 520*k. What is the hundreds digit of k?
3
Let b(f) = -5*f**3 - 17*f**2 + 11*f - 67. What is the tens digit of b(-9)?
0
Let s be 4/(6 + (-68)/12) - -1. Let j(g) = g**3 - 2*g**3 + 5*g - g + 13*g**2 + 6. What is the tens digit of j(s)?
5
Let a(m) = -3*m. Let w(g) = 57*g - 24. Let l(o) = 6*a(o) - w(o). What is the tens digit of l(-3)?
4
Suppose -131517 - 79499 = -26*r. What is the units digit of r?
6
Let m = -21 - -25. Suppose -345 = -5*f - 5*i, -1 = 5*i + m. Suppose 4*j - 5*j = -f. What is the units digit of j?
0
Suppose 0 = -u - 4*u - 2*j + 56, -4*j - 20 = -u. Suppose 1406 = u*v - 3490. What is the tens digit of v?
0
Let r be (-3*6/(-36))/(2/5172). Let j = -882 + r. What is the units digit of j?
1
Let v(h) = h**2 + 3*h - 11. Let f be v(-6). Suppose f - 12 = -n. Suppose -y + 12 = 3*r - 4*y, -25 = -n*y. What is the units digit of r?
9
Let t = -54 - -57. Suppose -3*p + 656 = -5*z, 0*z + t*z - 1082 = -5*p. What is the units digit of p?
7
Suppose 110*t = 36*t + 45*t + 1198396. What is the units digit of t?
4
Let j = 12286 + -2050. What is the units digit of j?
6
Let s be ((-15984)/8)/(-6)*(2 - 1). Let p = 715 - s. What is the units digit of p?
2
Let t(c) = -c - 6. Let l be t(3). Let s be (-54)/(-72) - (1 - 